{"id":35,"date":"2019-03-16T22:56:57","date_gmt":"2019-03-16T21:56:57","guid":{"rendered":"http:\/\/asanb.noblogs.org\/?page_id=35"},"modified":"2023-01-01T12:36:12","modified_gmt":"2023-01-01T11:36:12","slug":"ueber-uns","status":"publish","type":"page","link":"https:\/\/asanb.noblogs.org\/?page_id=35","title":{"rendered":"\u00dcber uns"},"content":{"rendered":"<p>\u201e<em><strong>Wir<\/strong><\/em>\u201c sind schlicht und einfach einzelne Menschen, Bezugsgruppen, Gruppen, Antifaschist:innen, Anarchist:innen,\u00a0 Kommunist:innen, die nicht mehr nur<\/p>\n<p><strong>Alle zusammen gegen den Faschismus! \u2013 Hoch die internationale Solidarit\u00e4t!<\/strong><\/p>\n<p>skandieren, sondern zum Ziel haben, das auch praktisch umsetzen zu wollen.<\/p>\n<p>Was wir nicht anstreben, ist das Rad neu zu erfinden, eine gro\u00dfe Gruppe aufzubauen oder eine neue Bewegung zu schaffen. Im Zeitalter zunehmender \u00dcberwachung, Repressionen, Einschr\u00e4nkungen in der politischen und pers\u00f6n-lichen Freiheit w\u00e4re das alles andere als zielf\u00fchrend und geradezu eine Einladung f\u00fcr den Repressionsapparat Strukturen effektiv zu zerschlagen.<\/p>\n<p>Jeder\u00a0einzelne Mensch, jede Bezugsgruppen, jede Gruppe, was auch immer, agiert frei und unabh\u00e4ngig so, wie sie es immer getan haben. Autonom mit Ihren Zielen, Schwerpunkten und Aktionen.<\/p>\n<p>Wenn Du Dich hier wiederfindest, wir alle zusammen zu einen gemeinsamen Konsens kommen und Du Dich einbringen oder mitwirken m\u00f6chtest, schreib uns einfach an. \u00dcber \u201e<a href=\"https:\/\/asanb.noblogs.org\/?page_id=31\" target=\"_blank\" rel=\"noopener\"><strong>Kontakt<\/strong><\/a>\u201c kannst Du uns eine PGP verschl\u00fcsselte Nachricht senden.<\/p>\n<p><strong>Solidarit\u00e4t muss wieder praktisch werden<\/strong><\/p>\n<p>Solidarit\u00e4t muss wieder praktisch werden ist ohne Zweifel das schwierigste und mit Sicherheit gr\u00f6\u00dfte Ziel. Jedes Projekt, jede Gruppe st\u00f6\u00dft immer irgendwann an seine Kapazit\u00e4ten oder Leistungsgrenzen egal welcher Art. Wir m\u00fcssen jetzt beginnen unsere K\u00e4mpfe zu verbinden,\u00a0 unsere Ressourcen zu teilen, unseren Widerstand gemeinsam zu gestalten und vor allem wieder st\u00e4rker aufeinander zu zugehen. Wieder mehr miteinander reden, uns noch mehr bem\u00fchen einen tragbaren Konsens zu finden und am Ende gemeinsam zu k\u00e4mpfen.<\/p>\n<p><strong>Was uns wichtig ist!<\/strong><\/p>\n<ul>\n<li>Wir sind antikapitalistisch<\/li>\n<li>Wir bek\u00e4mpfen Faschismus, Nationalismus, Militarismus in allen seinen Facetten<\/li>\n<li>Wir lehnen Parlamentarismus von oben nach unten, wie auch totalit\u00e4re Staatsformen, Nationalstaaten und generell Staat als Herrschaftsform des Menschen \u00fcber den Menschen ab<\/li>\n<li>Wir geben Sexismus, Patriarchat , Homophobie, Antisemitismus, Rassismus, Autorit\u00e4ten\u00a0 keinen Raum<\/li>\n<li>Wir treten bedingungslos f\u00fcr das gleichberechtigte, menschenw\u00fcrdige Existenz- und Aufenthaltsrecht\u00a0<strong>jedes<\/strong>\u00a0Menschen ein, unabh\u00e4ngig von seiner Herkunft, sexueller Ausrichtung oder Religion<\/li>\n<\/ul>\n","protected":false},"excerpt":{"rendered":"<p>\u201eWir\u201c sind schlicht und einfach einzelne Menschen, Bezugsgruppen, Gruppen, Antifaschist:innen, Anarchist:innen,\u00a0 Kommunist:innen, die nicht mehr nur Alle zusammen gegen den Faschismus! \u2013 Hoch die internationale Solidarit\u00e4t! skandieren, sondern zum Ziel haben, das auch praktisch umsetzen zu wollen. Was wir nicht anstreben, ist das Rad neu zu erfinden, eine gro\u00dfe Gruppe aufzubauen oder eine neue Bewegung &hellip; <a href=\"https:\/\/asanb.noblogs.org\/?page_id=35\" class=\"more-link\"><span class=\"screen-reader-text\">\u201e\u00dcber uns\u201c <\/span>weiterlesen<\/a><\/p>\n","protected":false},"author":13687,"featured_media":0,"parent":0,"menu_order":0,"comment_status":"closed","ping_status":"closed","template":"","meta":{"footnotes":""},"class_list":["post-35","page","type-page","status-publish","hentry"],"_links":{"self":[{"href":"https:\/\/asanb.noblogs.org\/index.php?rest_route=\/wp\/v2\/pages\/35","targetHints":{"allow":["GET"]}}],"collection":[{"href":"https:\/\/asanb.noblogs.org\/index.php?rest_route=\/wp\/v2\/pages"}],"about":[{"href":"https:\/\/asanb.noblogs.org\/index.php?rest_route=\/wp\/v2\/types\/page"}],"author":[{"embeddable":true,"href":"https:\/\/asanb.noblogs.org\/index.php?rest_route=\/wp\/v2\/users\/13687"}],"replies":[{"embeddable":true,"href":"https:\/\/asanb.noblogs.org\/index.php?rest_route=%2Fwp%2Fv2%2Fcomments&post=35"}],"version-history":[{"count":3,"href":"https:\/\/asanb.noblogs.org\/index.php?rest_route=\/wp\/v2\/pages\/35\/revisions"}],"predecessor-version":[{"id":5257,"href":"https:\/\/asanb.noblogs.org\/index.php?rest_route=\/wp\/v2\/pages\/35\/revisions\/5257"}],"wp:attachment":[{"href":"https:\/\/asanb.noblogs.org\/index.php?rest_route=%2Fwp%2Fv2%2Fmedia&parent=35"}],"curies":[{"name":"wp","href":"https:\/\/api.w.org\/{rel}","templated":true}]}}